98?
2, 3499
List the prime factors of 2899.
13, 223
What are the prime factors of 47174?
2, 103, 229
What are the prime factors of 1662?
2, 3, 277
What are the prime factors of 12840?
2, 3, 5, 107
What are the prime factors of 5925?
3, 5, 79
What are the prime factors of 802?
2, 401
List the prime factors of 22639.
22639
List the prime factors of 41290.
2, 5, 4129
What are the prime factors of 301?
7, 43
What are the prime factors of 49?
7
What are the prime factors of 38901?
3, 12967
List the prime factors of 2095.
5, 419
What are the prime factors of 708?
2, 3, 59
List the prime factors of 1194.
2, 3, 199
What are the prime factors of 4552?
2, 569
List the prime factors of 4682.
2, 2341
What are the prime factors of 213?
3, 71
What are the prime factors of 983?
983
What are the prime factors of 1392?
2, 3, 29
List the prime factors of 9707.
17, 571
List the prime factors of 1685.
5, 337
List the prime factors of 6578.
2, 11, 13, 23
What are the prime factors of 900?
2, 3, 5
List the prime factors of 17777.
29, 613
List the prime factors of 2812.
2, 19, 37
List the prime factors of 286.
2, 11, 13
List the prime factors of 28208.
2, 41, 43
What are the prime factors of 7291?
23, 317
What are the prime factors of 8125?
5, 13
What are the prime factors of 9316?
2, 17, 137
What are the prime factors of 565?
5, 113
What are the prime factors of 22515?
3, 5, 19, 79
What are the prime factors of 53760?
2, 3, 5, 7
List the prime factors of 3331.
3331
List the prime factors of 11284.
2, 7, 13, 31
List the prime factors of 7662.
2, 3, 1277
List the prime factors of 17937.
3, 1993
List the prime factors of 1713.
3, 571
What are the prime factors of 4928?
2, 7, 11
List the prime factors of 6177.
3, 29, 71
List the prime factors of 106534.
2, 53267
List the prime factors of 267.
3, 89
What are the prime factors of 48842?
2, 24421
List the prime factors of 35956.
2, 89, 101
List the prime factors of 2396.
2, 599
List the prime factors of 68999.
7, 9857
What are the prime factors of 52013?
13, 4001
List the prime factors of 12100.
2, 5, 11
What are the prime factors of 1335?
3, 5, 89
List the prime factors of 5685.
3, 5, 379
List the prime factors of 225.
3, 5
List the prime factors of 16147.
67, 241
What are the prime factors of 2950?
2, 5, 59
What are the prime factors of 351?
3, 13
What are the prime factors of 6847?
41, 167
List the prime factors of 31168.
2, 487
What are the prime factors of 1431?
3, 53
List the prime factors of 28448.
2, 7, 127
What are the prime factors of 1670?
2, 5, 167
List the prime factors of 500.
2, 5
What are the prime factors of 2293?
2293
What are the prime factors of 11363?
11, 1033
What are the prime factors of 1866?
2, 3, 311
List the prime factors of 3607.
3607
What are the prime factors of 40?
2, 5
List the prime factors of 776.
2, 97
List the prime factors of 15065.
5, 23, 131
List the prime factors of 120976.
2, 7561
List the prime factors of 24687.
3, 13, 211
What are the prime factors of 484?
2, 11
List the prime factors of 428.
2, 107
List the prime factors of 9082.
2, 19, 239
What are the prime factors of 11949?
3, 7, 569
List the prime factors of 29119.
37, 787
List the prime factors of 81.
3
What are the prime factors of 3408?
2, 3, 71
What are the prime factors of 1038?
2, 3, 173
List the prime factors of 5039.
5039
What are the prime factors of 1579?
1579
What are the prime factors of 31461?
3, 10487
What are the prime factors of 1609?
1609
What are the prime factors of 1301?
1301
List the prime factors of 14751.
3, 11, 149
What are the prime factors of 1257?
3, 419
What are the prime factors of 31841?
17, 1873
List the prime factors of 1375.
5, 11
What are the prime factors of 199841?
337, 593
List the prime factors of 1097.
1097
What are the prime factors of 19626?
2, 3, 3271
List the prime factors of 6816.
2, 3, 71
List the prime factors of 110266.
2, 13, 4241
What are the prime factors of 77860?
2, 5, 17, 229
List the prime factors of 865.
5, 173
List the prime factors of 3481.
59
What are the prime factors of 955?
5, 191
List the prime factors of 17670.
2, 3, 5, 19, 31
List the prime factors of 37881.
3, 23, 61
What are the prime factors of 22306?
2, 19, 587
What are the prime factors of 21706?
2, 10853
List the prime factors of 466.
2, 233
What are the prime factors of 823?
823
What are the prime factors of 42836?
2, 10709
What are the prime factors of 5340?
2, 3, 5, 89
List the prime factors of 15427.
15427
List the prime factors of 1226.
2, 613
List the prime factors of 34120.
2, 5, 853
List the prime factors of 12846.
2, 3, 2141
What are the prime factors of 35715?
3, 5, 2381
What are the prime factors of 2224?
2, 139
What are the prime factors of 7830?
2, 3, 5, 29
What are the prime factors of 4115?
5, 823
List the prime factors of 9419.
9419
What are the prime factors of 428?
2, 107
What are the prime factors of 455?
5, 7, 13
What are the prime factors of 12616?
2, 19, 83
What are the prime factors of 3780?
2, 3, 5, 7
List the prime factors of 22841.
7, 13, 251
List the prime factors of 62781.
3, 17, 1231
What are the prime factors of 436?
2, 109
List the prime factors of 349.
349
What are the prime factors of 49117?
49117
What are the prime factors of 509?
509
List the prime factors of 594.
2, 3, 11
List the prime factors of 4664.
2, 11, 53
What are the prime factors of 916?
2, 229
What are the prime factors of 3530?
2, 5, 353
List the prime factors of 32841.
3, 41, 89
List the prime factors of 8974.
2, 7, 641
List the prime factors of 485.
5, 97
What are the prime factors of 990?
2, 3, 5, 11
What are the prime factors of 878?
2, 439
What are the prime factors of 1560?
2, 3, 5, 13
What are the prime factors of 1314?
2, 3, 73
What are the prime factors of 1722?
2, 3, 7, 41
What are the prime factors of 1287?
3, 11, 13
What are the prime factors of 35355?
3, 5, 2357
List the prime factors of 2681.
7, 383
What are the prime factors of 6882?
2, 3, 31, 37
List the prime factors of 1092.
2, 3, 7, 13
What are the prime factors of 82893?
3, 27631
What are the prime factors of 18509?
83, 223
List the prime factors of 375.
3, 5
List the prime factors of 13666.
2, 6833
List the prime factors of 3943.
3943
List the prime factors of 17214.
2, 3, 19, 151
What are the prime factors of 27316?
2, 6829
List the prime factors of 127342.
2, 63671
List the prime factors of 1004.
2, 251
What are the prime factors of 1289?
1289
What are the prime factors of 37212?
2, 3, 7, 443
List the prime factors of 16648.
2, 2081
List the prime factors of 35131.
19, 43
List the prime factors of 15751.
19, 829
What are the prime factors of 3736?
2, 467
List the prime factors of 910.
2, 5, 7, 13
List the prime factors of 1750.
2, 5, 7
List the prime factors of 3951.
3, 439
List the prime factors of 26250.
2, 3, 5, 7
List the prime factors of 595.
5, 7, 17
What are the prime factors of 12159?
3, 7, 193
What are the prime factors of 337?
337
What are the prime factors of 58737?
3, 7, 2797
List the prime factors of 11033.
11, 17, 59
List the prime factors of 51878.
2, 25939
What are the prime factors of 59034?
2, 3, 9839
What are the prime factors of 2301?
3, 13, 59
List the prime factors of 156.
2, 3, 13
List the prime factors of 162.
2, 3
What are the prime factors of 23215?
5, 4643
List the prime factors of 9681.
3, 7, 461
What are the prime factors of 1078?
2, 7, 11
List the prime factors of 6069.
3, 7, 17
What are the prime factors of 1074?
2, 3, 179
What are the prime factors of 1299?
3, 433
What are the prime factors of 23065?
5, 7, 659
List the prime factors of 5224.
2, 653
List the prime factors of 114.
2, 3, 19
List the prime factors of 72565.
5, 23, 631
What are the prime factors of 157348?
2, 139, 283
List the prime factors of 447.
3, 149
What are the prime factors of 49659?
3, 16553
List the prime factors of 1856.
2, 29
What are the prime factors of 22385?
5, 11, 37
List the prime factors of 331.
331
List the prime factors of 37968.
2, 3, 7, 113
What are the prime factors of 8622?
2, 3, 479
What are the prime factors of 8518?
2, 4259
List the prime factors of 7980.
2, 3, 5, 7, 19
List the prime factors of 5917.
61, 97
What are the prime factors of 9705?
3, 5, 647
List the prime factors of 348.
2, 3, 29
List the prime fac